*m. Is i a composite number?
True
Let q = 113232 + -53369. Is q composite?
False
Let q = -4979 - -17740. Is q a prime number?
False
Let g(t) = -8*t**3 + 69*t - 1. Is g(-16) a composite number?
False
Suppose 8*n + 2*n = -2*n + 4869804. Is n a composite number?
False
Suppose 89*v + 142*v - 7944975 - 28128216 = 0. Is v composite?
True
Is (((-18)/32)/((-24)/16561504))/(144/192) a prime number?
True
Suppose 0 = 51*h - 55*h + 3404. Is h + -18 + (-1 - -3) prime?
False
Let u(i) = -9177*i + 4148. Is u(-39) prime?
True
Let a(u) = -2*u**3 - 81*u**2 - 51*u + 173. Is a(-66) prime?
False
Let m(n) = 3*n**2 + 2*n - 6. Let c be m(3). Let h be (4 + c/(-6))*-12. Let s = h - -1003. Is s a prime number?
True
Let a(k) = 305*k + 657. Is a(80) a composite number?
False
Suppose -c + 30 + 46 = 0. Suppose -c = -2*u - 66. Suppose -102 = -u*i + 3*i - 4*f, i - f = 45. Is i composite?
False
Suppose q = -c + 9272 + 40368, 4*c = q + 198555. Is c composite?
False
Let b(c) = 247*c**2 + 33*c + 11. Is b(-18) prime?
False
Let t be (-7 - -6)*1 + 4. Suppose 7286 = o + t*n - 4*n, 4*n = -4*o + 29120. Is o prime?
True
Suppose -1215508 = -8*m + 2*n, -243*m + 248*m - 3*n - 759703 = 0. Is m composite?
False
Suppose 5*f - 201 = -191. Suppose -2*v + 182 = 2*m, 3*m + 4*v = f*m + 97. Is m composite?
False
Let w(q) = -487*q + 275. Let i = -170 + 158. Is w(i) prime?
False
Is (-17 + 18)/((-4)/(-155728)*4) a composite number?
False
Let n = 1056755 - 629742. Is n a prime number?
True
Is 1/((156 - 155)*((-1)/(-372013))/1) a prime number?
True
Let k(o) = o**2 - 4. Let d = 5 - 7. Let f be k(d). Suppose f = 2*b + 5*u - 617, 5*u - 928 = b - 4*b. Is b a composite number?
False
Suppose 107190 = 20*z - 1464430. Is z a prime number?
False
Let b = -200427 - -309058. Is b prime?
True
Suppose 3*b + 5*m - 37436 = 0, 0 = -2*b + 11*m - 8*m + 24932. Let l = -6959 + b. Is l composite?
True
Let j = -146 + -99. Let b be ((-43)/3)/((-1)/(-6)). Let c = b - j. Is c composite?
True
Suppose 0 = -35*b - 2893 + 49058. Is b a prime number?
True
Let v(p) be the third derivative of -1/6*p**4 - p**2 + 0 + 1/30*p**5 + 161/20*p**6 + 0*p + 1/2*p**3. Is v(1) a prime number?
True
Suppose 18 + 6 = 6*b. Suppose -3*j = -2*p + 5*p + 3, -25 = -3*j + b*p. Suppose -3*y + 0*v = 2*v - 972, -j*v + 643 = 2*y. Is y a composite number?
True
Suppose 3*k - 341798 = -y, k + 53*y - 113932 = 52*y. Is k composite?
False
Let g be ((-196)/(-10))/(2/410). Let t = 8107 - g. Is ((t/(-6) + 1)*-2)/1 composite?
False
Suppose 9*c = 837139 + 1741244. Is c composite?
False
Let n = -6795 - -11378. Is n a composite number?
False
Suppose 768 = -40*m + 44*m. Let s = 223 - m. Is s composite?
False
Let b(f) = -24*f**2 - 8*f + 27. Let h be b(-8). Let y = h + 4494. Is y a composite number?
False
Suppose 0 = -44*d + 42*d + 28922. Is d composite?
False
Is ((75/10)/(-15))/((-15)/7154970) a composite number?
False
Let u(q) = 212*q + 312 - 578 + 301. Let c = -11 - -23. Is u(c) composite?
False
Let x(y) = 229*y**2 + 16*y + 41. Let r be x(-4). Suppose 2*m - r = -5*o - 1493, -4*o + 4284 = 4*m. Is m composite?
False
Let d(q) = 61061*q - 1154. Is d(5) a prime number?
True
Suppose -19*q + 14*q + 2*a + 17183 = 0, 0 = -5*q - 2*a + 17187. Let l(u) = -1275*u + 1. Let c be l(-5). Let i = c - q. Is i composite?
False
Suppose -4*t = -5*y + 35 + 45, 4*t + 116 = -4*y. Is (-49)/(-35) - 19440/t prime?
False
Suppose 7065761 + 8785238 = -10*p + 69*p. Is p composite?
False
Suppose -23*w + 5715434 = 735755 - 1661134. Is w composite?
False
Suppose 0 = 73*k - 54*k. Suppose k = -i - 5*i + 1266. Is i a composite number?
False
Suppose -4*m + 237385 = -169856 - 58283. Is m prime?
True
Suppose -2007*r = -2152*r + 107297825. Is r prime?
False
Suppose 5 = -2*m + 5*l, 5*m + 3 = -3*l + 6. Suppose m = -3*h - 10*h + 20267. Is h composite?
False
Let q(t) = 95549*t**2 - 734*t + 1471. Is q(2) composite?
True
Is ((-1*82678/2)/((-54)/54))/1 a composite number?
True
Let n(s) = 18984*s + 1003. Is n(2) a prime number?
True
Let p = -24 + 21. Let t be (-1)/p - (-408)/(-9). Let m = 236 + t. Is m prime?
True
Let i = 42488 + 56738. Is i prime?
False
Let z = -41 - -49. Suppose 20916 = z*o - 6708. Is o a prime number?
False
Suppose -a + 4*l = -298657 + 32112, -5*l = 30. Is a composite?
False
Suppose -6*m = -20 - 34. Let j(d) = 36*d**3 - 7*d**2 + 5*d + 11. Is j(m) a prime number?
True
Suppose -14*c + 415228 = -412354. Is c prime?
True
Let r(n) = 8*n**3 + 2*n**2 - 2. Let w be r(-1). Is (-9)/((-36)/w) - -4269 a prime number?
False
Let u(n) = 19*n + 7 + 67*n + 166*n. Suppose -6*l + 37*l = 155. Is u(l) a prime number?
False
Let v(c) = 6628*c**2 + 49*c + 50. Is v(-1) a prime number?
False
Let z(v) = -2*v**3 - 178*v**2 + 255*v - 80. Is z(-93) prime?
False
Let r = 4 - -6. Let l be (256/r)/(-1 - 54/(-50)). Suppose -6*j + l = -550. Is j prime?
False
Let k = 243193 + -18996. Is k a composite number?
False
Suppose 10*a - 161 = 39. Suppose -12*g - 17224 = -a*g. Is g prime?
True
Suppose 2*t - 501 = -139. Let y(a) = 44*a - 664. Let f be y(13). Let n = t + f. Is n a composite number?
False
Suppose -u + 80 = -5*u. Suppose -25 = 5*r - 7*o + 9*o, 0 = -4*r + o - 20. Is (-5306)/r + (-5 - 96/u) a composite number?
False
Let f = 960 - 562. Let w = 1947 + f. Suppose -35*h = -42*h + w. Is h composite?
True
Suppose -5*p - 13*o + 16*o = -21387, -2*o = 6*p - 25698. Is p composite?
True
Let w(x) = 2*x**2 - 19*x + 7 - 23 + 6*x - 13*x. Let u be w(18). Let t = u - 5. Is t a prime number?
False
Is ((-21)/84)/(539810/(-134952) - -4) a prime number?
False
Suppose 27*m - 2*o + 87384 = 31*m, 0 = o + 6. Is m a prime number?
False
Suppose 512*g - 2806 = 510*g. Let r = 1118 + g. Is r composite?
False
Let p = 18 + -14. Suppose -3*s + 43058 = -5*v, 1 = -5*v - p. Is s composite?
True
Suppose 5*x + 30 = -3*n - 9, 3*x + 15 = n. Is x/4*(1 + (-2801)/3) a composite number?
False
Let d = -38155 + 56594. Is d a prime number?
True
Let r be (-4)/(-26) + (80/(-104))/5. Suppose r*h + 143060 = 20*h. Is h composite?
True
Let j(m) = -1328*m - 333. Is j(-37) a composite number?
True
Let u(k) = -5 + 0*k + 9*k - 6 + 5*k. Let z be u(1). Suppose -4*j = z*j - 1043. Is j composite?
False
Suppose 191*x - 51383884 - 32458431 = 0. Is x a composite number?
True
Let q = 953532 - 631459. Suppose -23*d + 142964 = -q. Is d prime?
True
Let q(k) = 94*k**3 - 13*k**2 - 30*k + 53. Is q(12) composite?
False
Suppose 3*z + 43282 = 142027. Suppose 7*c = z + 18038. Is c a composite number?
True
Let g be (5/15)/(1/(-9)). Let b be (g - -1)*(-81)/18 + -4. Suppose b*o - 3*j - 2087 = 1967, 5*o - 4042 = -j. Is o composite?
False
Suppose 47*o = -32*o + 12685741. Is o a composite number?
False
Suppose 48*h - 7355601 = -51*h. Is h a composite number?
True
Let t = 1416 + 1960. Let j = t - 105. Is j a prime number?
True
Let x(y) be the third derivative of -y**4/12 - y**3/6 - 9*y**2. Let n be x(-1). Let s(m) = 538*m**2 - 2*m + 1. Is s(n) composite?
True
Let v = -4016684 + 5808823. Is v a prime number?
True
Suppose -705*l = -728*l + 1220587. Is l a prime number?
True
Suppose -601*h + 683*h - 4589294 = 0. Is h a composite number?
False
Suppose -23*a + 608389 + 203347 + 35837 = 0. Is a a prime number?
False
Suppose 63*y - 61*y - 2*x - 35116 = 0, x = -5*y + 87784. Is y prime?
False
Suppose -20*d + 3831218 = -1522202. Is d a composite number?
False
Suppose 5*o - 65489 = -l, -3*l - 196533 = -6*l - 4*o. Is l a composite number?
False
Let j = 43606 + -30885. Is j composite?
False
Let m be -1 - -1 - 16/(44/(-11)). Suppose -2*n + 6058 = y, n + m*y - 3039 = y. Is n prime?
False
Let k(r) = -642*r**2 - 22*r - 31. Let z(m) = -642*m**2 - 20*m - 30. Let i(v) = 5*k(v) - 6*z(v). Is i(-2) a prime number?
False
Let n = 5375 - 1938. Let o = n - -13904. Is o prime?
True
Let n = -5 + 15. Suppose 12*m - n = 10*m. Suppose m*x - a = 899, 0 = -a - 1 - 3. Is x composite?
False
Let o(n) = 57*n**3 - 5*n**2 - 9*n - 5. Is o(12) a composite number?
True
Let h(a) = 3*a + 99. Let l be h(-33). Is l + (-6 - (-4419)/1) composite?
True
Suppose 0 = -2*l + 1625 + 6357. Suppose 5*r = 7*n - 5*n + 4653, -2*n - 4680 = 4*r. Let k = l + n. Is k composite?
False
Let p be (0/(-3))/(1 + -2). Suppose -3*b = 5*h - 698, p = -8*h + 10*h - b - 288. Is h prime?
False
Suppose -2*t = 4*w - 12, 2*w + w - 4 = -4*t. Let g be 999/t*(-44)/6. Suppose -g = 3*d - 12*d. Is d